96*h - 5*d - 19, 45 = h - 3*d. Let a(c) be the first derivative of 0*c - h + 3/2*c**2. Determine a(-3).
-9
Let x(z) = 5*z**2 + 2*z + 33. Let y(n) = -5*n**2 - 7*n - 27. Let i(c) = 2*x(c) + 3*y(c). Determine i(-4).
-27
Let t(d) be the third derivative of d**6/120 + d**5/6 + d**4/4 + 4*d**3/3 - 4*d**2 + 70*d. What is t(-9)?
35
Let z(q) be the second derivative of -q**5/24 + 7*q**4/12 + 39*q**3 - 6*q + 3. Let w(x) be the second derivative of z(x). Give w(4).
-6
Let z(d) = d**3 - 3*d - 2. Let p be z(2). Let i(w) be the second derivative of w**4/12 - w**3/6 + 9*w**2/2 + 4*w - 10. What is i(p)?
9
Let h(t) = 1332*t + 3987. Let z be h(-3). Let y(n) = -n + 4. Give y(z).
13
Let d(x) = -2*x**3 + 2. Let m be (1 - -19)*5*4/80. Suppose -m = 12*a - 17*a. Let l be (2 + a)/(0 + 18/(-12)). Give d(l).
18
Let k be 5 + (16/(-9) - (-30)/(-135)). Suppose -2*x + 12 = -3*a, x = 2*a + k*x + 18. Let s(p) = p**3 + 8*p**2 + 6*p - 8. Calculate s(a).
28
Let a(i) = -40418*i**2 - 10 + 2*i - 3*i + 40426*i**2 - 4 - i**3. Give a(8).
-22
Let g(d) = -d - 4*d + 0*d. Let q(o) = o**3 - 3*o**2 - 11*o - 24. Let l be q(-6). Let v = 286 + l. Give g(v).
-20
Let x(o) = -o**2 - 9*o + 12. Let b be x(-9). Let z be (-12)/(-16) + (-21)/b. Let v(c) = 952290 + 2*c**2 - 952290. What is v(z)?
2
Let h(t) be the first derivative of 42 - 3/2*t**2 + t. Determine h(1).
-2
Let u(s) be the first derivative of -s**4/4 - 17*s**3/3 - 7*s**2 + 33*s + 1322. Give u(-16).
1
Let r(u) = -u**3 - 3*u**2 + 1. Suppose 4*o - 66 = -2*y, -3*o + 8*y = 10*y - 50. Suppose 0 = o*h - 14*h + 6. Give r(h).
1
Let n(d) be the first derivative of 7*d**6/60 - d**5/30 - d**4/12 - d**3/6 - 237*d**2/2 - 34. Let y(l) be the second derivative of n(l). Calculate y(-1).
-15
Let w be (-17)/(-5) + (-304)/760. Let z(j) = -3*j + j**2 + j**2 - 2*j - 1. What is z(w)?
2
Suppose -l + 261 = 257. Suppose 8*y - l*y - 5*v = -29, y + v = -14. Let u(g) = -g. Determine u(y).
11
Suppose 3*b + 283 = -d, -b = d - 6*d - 1367. Let g = 266 + d. Let m(f) = -f**2 - 4*f + 8. Give m(g).
-24
Let y(w) = 2*w - 1. Suppose -5*p = 4*o - 36, -3*o = -0*o - 12. Suppose -11 - p = 5*s. Let k be (s + 4)/((-1)/(-5)). Calculate y(k).
9
Suppose 5*q - 22 = 3. Let s(u) = -u**3 + 5*u**2 - 4*u + 5. Let y be s(4). Let h(n) = -3*n**3 - y*n**2 - 21 + 20 + 4*n**3 + n + 0*n**3. Determine h(q).
4
Let z = -222 - -224. Suppose -3*o + 0 = -w + z, 5*o = 0. Let r(a) = a**3 - 4*a**2 + 2*a + 2. Give r(w).
-2
Let b(i) = -114 - i + 4*i + 101. Let q(x) = x - 4. Let a(y) = 4*b(y) - 11*q(y). What is a(6)?
-2
Let g(m) = 13 - 5*m - 4*m - 43 - 11. Give g(-5).
4
Let v = 2055 - 2060. Let q(l) = 2*l**3 + 13*l**2 + 4*l - 5. Calculate q(v).
50
Let t(s) = s - 1. Let n(c) = -c**3 - 47*c**2 - c - 39. Let o be n(-47). Calculate t(o).
7
Let t(r) = r**2 + 5*r - 8. Suppose -5*u = -3*x - 25, -2 + 1 = -x + 4*u. Suppose -3*g + 1 = -d, 2*d - 28 = -4*g - 0*g. Let i = x + d. Calculate t(i).
6
Let c(g) = -g - 1. Let n be (-25)/(-20)*(-8)/(-2) - 0. Suppose -2*z - 2*l = -z - 35, n*z + l = 157. Let r = -27 + z. Give c(r).
-5
Let g(m) = -7*m - 6. Suppose 9*z = -14 - 49. Let n be (z/(14/16))/(0 - -2). Calculate g(n).
22
Let q(p) = -14 - 3*p + 4*p - 11. Let n(r) be the third derivative of -5*r**4/12 + 10*r**3/3 - 34*r**2. Let i be n(2). Determine q(i).
-25
Let k(r) = -7*r - 15 + 3*r + 3*r. Let u be ((-20)/(-3))/(-5)*(4 + -13)*-1. What is k(u)?
-3
Let y(i) be the second derivative of 36*i + 1/6*i**3 + 0 + 7/2*i**2 + 1/12*i**4. Give y(0).
7
Let b(i) = -i**3 - i**2 + 3*i - 1. Let f be 9/((-81)/72) - -6. Give b(f).
-3
Let k(z) = 11*z + 44. Let t(q) = 5*q + 21. Let j be ((-48)/(-18))/(4/6). Let v(a) = j*k(a) - 9*t(a). Determine v(-7).
-6
Let d be (3/(-1) + 1)*5/(-5). Suppose 0 = h - c - 11, -2*h - d*c + 0 + 6 = 0. Let p(k) = 7 + h*k + k**3 - 4 + 7*k**2 + k - 7. Calculate p(-6).
-16
Suppose -5*t = -5*c - 130, -t - 25 = -2*c - 56. Let p(s) = s**2 - 20*s - 29. Give p(t).
-8
Let g be ((-19)/(-45) - 10/50) + (-106)/477. Let m(s) = s**2 + s - 17. Determine m(g).
-17
Let j(r) = -64*r + 217. Let p(v) = 64*v - 176. Let l(z) = -12*j(z) - 13*p(z). Determine l(-5).
4
Let o(t) = 2*t**2 - 4*t - 2. Let f = -100 - -105. Suppose 0 = f*z - 3*z - 8. Calculate o(z).
14
Let s(m) = 25*m**2 - 33*m - 25. Let n(c) = -42*c**2 + 62*c + 50. Let x(v) = 3*n(v) + 5*s(v). Give x(22).
3
Let u(s) = 4*s - 6 - 5 - 8*s + 10 + 39*s**2 + 3*s. Give u(-1).
39
Let l = -552 - -555. Let w(y) = -8*y**2 + 2*y + 3. Give w(l).
-63
Let j be (3/12 - (-4)/(-16))/1. Let s(a) be the second derivative of 7*a**3/6 - 5*a**2/2 - 12*a. Let p(r) = 3*r - 3. Let t(y) = 5*p(y) - 2*s(y). Give t(j).
-5
Let a(d) = d - 2*d**2 + 3 + 3*d**2 + 4. Let y(t) = t**2 - 688*t - 112069. Let x be y(-136). Give a(x).
27
Let m(w) = 265*w - 5 + 5 - 12 - w**2 - 277*w. Suppose 15 = -5*j - 40. What is m(j)?
-1
Suppose -k + 2*x + 65 = 0, k - 3*x = 21 + 45. Let p(v) = -38 - 41 + k - v. Calculate p(-10).
-6
Let r(u) = u**3 - 18*u**2 - 20*u + 39. Let p be (0 + 57)/(-174 - -177). Determine r(p).
20
Suppose 0 = -5*s - g + 55, -35 + 2 = -3*s - 5*g. Suppose 0 = -p - a - s, 2*p + 21 = p - 3*a. Let b(h) = h**3 + 6*h**2 + h - 5. Determine b(p).
-11
Let i(j) be the second derivative of -j + 5 + 1/6*j**3 + 0*j**2. What is i(-8)?
-8
Let u(t) = 348 - 287 + 443 + 53602*t - 53624*t. Give u(23).
-2
Suppose -7*n + 4*n + 15 = 0. Let v = 8 - n. Let s(y) = 28*y + 15. Let c(k) = -12*k - 6. Let l(f) = 5*c(f) + 2*s(f). Determine l(v).
-12
Suppose 0*c - 11*c + 10*c = -5. Let t = -8 + 13. Suppose -t*d = w, c*d + 5 = w - 5. Let y(u) = 3*u - 6. Give y(w).
9
Suppose -d + 5*n - 8*n = 9, 4*d - 3*n - 9 = 0. Let b(h) = 5*h + 29. Let u(a) = 4*a + 28. Let l(m) = 3*b(m) - 4*u(m). Determine l(d).
-25
Let r(w) = 5*w + 5. Let u(n) = -4*n - 5. Let y(l) = -6*r(l) - 7*u(l). Let z be 2 + 1 + 0 + -43. Let k = 45 + z. Give y(k).
-5
Let u(c) = -13*c**3 + 86*c**2 + 8*c + 6. Let z(v) = -2*v**3 + 15*v**2 + v. Let n(j) = u(j) - 6*z(j). Let i be 3 + 2/(-5)*(16 - 1). Determine n(i).
-9
Let n(i) be the first derivative of 11*i**2/2 + 290*i + 3623. Give n(-27).
-7
Let h(g) = -g**2 + 3*g. Let v(a) = 12*a**2 - 15*a + 12. Let x be v(5). Suppose x*l = 236*l + 4. Calculate h(l).
-4
Let y(r) = 3*r**3 + 12*r**2 - 2*r - 7. Let n = 10329 + -10333. Determine y(n).
1
Let k = 5 + 5. Let x(s) = 32*s**2 - 4*s + 1. Let u(t) = -481*t**2 + 70*t - 18. Let r(h) = -u(h) - 15*x(h). Determine r(k).
3
Suppose 4*q = -5*d + 7, 8*d = 4*q + 6*d - 14. Suppose 5*h = -q*b + 98 + 159, -5*h = -b + 59. Let u(g) = -1 - b*g + 7 - 86*g + 166*g. Give u(-5).
1
Let v(n) = n**2 + 11*n - 1. Suppose 4*l - s = -28, -18 = -793*l + 798*l + 3*s. Determine v(l).
-31
Let q(y) = 2*y**2 + 37*y - 174. Let u = 6443 + -6465. Determine q(u).
-20
Let y(z) = 6*z**2 - 6*z + 314. Let r(n) = -5*n**2 + 5*n - 228. Let p(k) = 4*r(k) + 3*y(k). Calculate p(6).
-30
Let i(r) = r**3 - 11*r**2 - 2*r + 17. Let b be 100*10/40 + -14. Determine i(b).
-5
Let v(i) = i**3 - 9*i**2 + 6*i + 11. Let m = -120 - -126. Suppose 0 = m*p + 13 - 61. Determine v(p).
-5
Let v(m) be the third derivative of m**5/60 + 7*m**4/12 + 49*m**3/6 - 3*m**2 + m + 62. Give v(-4).
9
Let l(u) = -u**3 - 2*u**2 - 2*u + 7. Suppose -3*n + 5*a - 4 = 0, 17*a = -n + 15*a + 6. Calculate l(n).
-13
Let u(y) be the second derivative of -y**3 - 51*y**2 - 55*y - 18. Give u(-19).
12
Let w(n) = -23*n + 7. Let d = -3909 - -3905. Give w(d).
99
Let s(b) be the second derivative of -b**4/2 + b**3/6 + 2*b. Suppose 5*f - z = 5, 0*f = 2*f - 2*z - 2. Give s(f).
-5
Let n = 13 - 9. Let o be n - (16/4)/(-4). Suppose w = -0*w - 5*b, 4*w + o*b - 15 = 0. Let s(x) = x**2 - 6*x + 6. Calculate s(w).
1
Let v = 140 + -198. Let g = v + 52. Let x(s) = -s - 11. Let t be x(g). Let u(r) = -r**3 - 6*r**2 - 4*r - 6. Give u(t).
-11
Let s(r) = 7*r + 1. Suppose 5*v = 3*w - 404, 21*w = -4*v + 25*w - 320. Let n be 0 - -1 - 0 - (v + 82). What is s(n)?
8
Let j(r) = -23*r + 324 + 72*r**2 - 221 - 71*r**2. Give j(17).
1
Let b(k) = k**3 + k**2. Let a(c) = 24*c**3 + 2*c**2 + c. Let v(i) = a(i) - 3*b(i). Determine v(1).
21
Let g(p) = -39*p + 1. Let i be 14/14 - (6 + -6). Calculate g(i).
-38
Let g = 82 + -77. Suppose -28 = -g*d - 118. Let z be 8 + d - -2*1. Let s(u) = -u - 6. Calculate s(z).
2
Let j(k) be the second derivative of -k**5/20 - 7*k**4/12 - 4*k**3/3 - 7*k**2/2 + 21*k - 16. Calculate j(-5).
-17
Let g be (-